eatest common factor of 1571319 and 1900?
19
Calculate the highest common divisor of 2762764 and 1668.
556
Calculate the greatest common factor of 381104 and 16.
16
What is the highest common factor of 456 and 1992568?
152
Calculate the greatest common divisor of 296645 and 98381.
751
Calculate the highest common divisor of 7294 and 68251.
521
What is the greatest common factor of 551428695 and 945?
135
Calculate the greatest common divisor of 18100 and 1623932.
724
What is the greatest common factor of 2970 and 19349415?
135
What is the highest common divisor of 4375 and 926375?
125
Calculate the greatest common factor of 1290 and 8648418.
258
What is the highest common divisor of 23 and 1957572895?
23
Calculate the highest common divisor of 6768 and 631727.
47
Calculate the highest common factor of 570206 and 115934.
2366
Calculate the highest common divisor of 158926 and 229714.
694
Calculate the greatest common divisor of 675334449 and 45.
9
What is the greatest common divisor of 1810 and 860474?
362
Calculate the highest common factor of 17 and 111842813.
17
Calculate the greatest common factor of 18684852 and 1443.
111
Calculate the greatest common divisor of 945 and 29046696.
21
Calculate the highest common factor of 14243510 and 40.
10
Calculate the greatest common factor of 7442 and 13648628.
7442
Calculate the highest common factor of 60297788 and 956.
956
Calculate the highest common factor of 1060068735 and 48708.
12177
Calculate the highest common divisor of 112985419 and 361.
361
What is the highest common divisor of 96900 and 7140?
1020
Calculate the greatest common divisor of 232605 and 6345.
135
Calculate the greatest common divisor of 81 and 58698009.
9
What is the highest common factor of 98100 and 31077?
9
Calculate the greatest common factor of 890 and 29649460.
890
Calculate the greatest common divisor of 182634 and 5322.
6
What is the highest common divisor of 127377 and 26244?
9
What is the highest common factor of 38 and 27280105?
19
Calculate the highest common divisor of 1028412 and 39699.
99
What is the highest common factor of 12662 and 82238?
26
Calculate the greatest common divisor of 4785 and 5137495.
1595
What is the highest common divisor of 962090 and 328670?
230
Calculate the highest common factor of 2156 and 3308492.
44
Calculate the highest common factor of 4558933 and 668.
167
Calculate the greatest common factor of 20142 and 105192.
54
Calculate the greatest common divisor of 720 and 219618480.
240
What is the highest common divisor of 89761344 and 30?
6
Calculate the highest common factor of 2591390 and 45026.
958
Calculate the highest common factor of 1529908 and 3124.
284
Calculate the greatest common divisor of 360200 and 216.
8
What is the highest common divisor of 2484 and 887248?
92
What is the highest common factor of 55894863 and 11709?
3903
Calculate the greatest common divisor of 65571908 and 4828.
284
What is the highest common factor of 472183 and 574093?
3397
What is the highest common divisor of 739858 and 2969666?
602
Calculate the greatest common divisor of 14080 and 12723832.
88
Calculate the highest common divisor of 8125 and 1288750.
625
What is the highest common divisor of 13822640 and 2470?
130
What is the greatest common divisor of 26207 and 452699?
359
Calculate the greatest common divisor of 34 and 1576964.
2
What is the highest common factor of 84300961 and 12187?
1741
Calculate the highest common factor of 1258 and 1475338.
74
Calculate the greatest common factor of 39223192 and 1314.
146
Calculate the greatest common divisor of 62 and 4137038.
2
What is the greatest common factor of 124215 and 4693?
13
Calculate the greatest common divisor of 91335184 and 16.
16
What is the highest common factor of 9459780 and 4356?
1452
What is the highest common factor of 4352 and 4616384?
1088
What is the greatest common divisor of 136 and 561439688?
136
What is the highest common divisor of 132602939 and 7?
7
What is the highest common divisor of 25984 and 2135966?
406
Calculate the greatest common factor of 6132988 and 272.
68
Calculate the greatest common divisor of 149268 and 483.
21
What is the greatest common divisor of 22167 and 82094253?
2463
What is the greatest common factor of 30046 and 66970?
362
What is the greatest common factor of 8481 and 2218029?
33
Calculate the greatest common divisor of 30564 and 160.
4
What is the highest common divisor of 147315 and 355020?
915
What is the greatest common divisor of 192395103 and 867?
867
What is the greatest common divisor of 357388 and 1086076?
188
What is the greatest common factor of 129358242 and 702?
702
Calculate the highest common factor of 2566386 and 221904.
414
Calculate the greatest common factor of 326827 and 39625.
317
Calculate the highest common factor of 7049 and 705299.
133
Calculate the greatest common factor of 756 and 9656766.
378
What is the highest common divisor of 6292 and 19292845?
1573
Calculate the greatest common factor of 390337 and 5253.
17
Calculate the greatest common factor of 94537 and 74783.
1411
What is the highest common divisor of 6204691 and 9171?
1019
What is the highest common factor of 10029096 and 2673?
2673
Calculate the highest common factor of 977453 and 1298.
59
Calculate the greatest common divisor of 975764 and 83657.
703
Calculate the greatest common divisor of 30 and 84891705.
15
What is the highest common factor of 582840 and 31980?
60
Calculate the greatest common factor of 259863 and 153596.
893
What is the highest common factor of 83675666 and 68?
34
What is the greatest common divisor of 3922416 and 306?
18
Calculate the greatest common factor of 2248274361 and 51.
51
What is the greatest common divisor of 2742552 and 11124?
108
What is the highest common factor of 4067415 and 19920?
1245
What is the highest common divisor of 92 and 512643596?
92
Calculate the highest common factor of 65 and 171276950.
65
Calculate the greatest common factor of 822500 and 1175.
1175
What is the greatest common divisor of 47138 and 11882598?
1274
What is the highest common factor of 2224647 and 45?
9
What is the highest common divisor of 7728 and 2617377?
483
Calculate the highest common divisor of 37437956 and 359.
359
What is the highest common factor of 222312223 and 3178?
1589
What is the highest common factor of 25717026 and 986?
58
Calculate the highest common factor of 778 and 445618950.
778
Calculate the greatest common factor of 1291276 and 13589.
107
What is the greatest common divisor of 6532539 and 201903?
6513
What is the highest common divisor of 82337365 and 11?
11
What is the greatest common divisor of 1383661 and 21192?
883
Calculate the highest common divisor of 34071 and 287.
41
Calculate the greatest common factor of 69 and 1679069.
23
Calculate the highest common divisor of 275370 and 100575.
15
What is the greatest common divisor of 1783782 and 1617?
231
Calculate the highest common factor of 91829310 and 18690.
2670
Calculate the highest common divisor of 23506 and 16498.
146
Calculate the greatest common divisor of 681 and 2655.
3
What is the greatest common divisor of 81 and 18662319?
81
Calculate the greatest common factor of 17521878 and 374.
22
Calculate the highest common divisor of 3007700 and 9500.
1900
Calculate the highest common divisor of 15300698 and 224.
14
What is the greatest common factor of 2345 and 487291?
469
What is the greatest common divisor of 1055790960 and 40?
40
What is the highest common divisor of 271220742 and 234?
234
Calculate the highest common divisor of 17 and 13453154.
17
Calculate the highest common factor of 209 and 14021799.
11
What is the highest common factor of 352 and 38687?
11
What is the greatest common factor of 1193510 and 381270?
710
Calculate the greatest common factor of 396249516 and 5148.
468
What is the greatest common factor of 16458427 and 589?
589
Calculate the highest common divisor of 2061378 and 13266.
198
Calculate the greatest common divisor of 2240 and 28932400.
560
What is the highest common divisor of 28483956 and 396?
36
Calculate the greatest common factor of 2112 and 77092752.
528
Calculate the highest common factor of 391970319 and 507.
507
What is the greatest common divisor of 498865650 and 413?
59
W